{"id":311,"date":"2019-04-10T07:28:04","date_gmt":"2019-04-10T07:28:04","guid":{"rendered":"https:\/\/victorthemes.com\/themes\/segovia\/?page_id=311"},"modified":"2025-12-31T10:40:10","modified_gmt":"2025-12-31T10:40:10","slug":"about-me","status":"publish","type":"page","link":"https:\/\/justynachodkowska.pl\/index.php\/about-me\/","title":{"rendered":"About Me"},"content":{"rendered":"\t\t<div data-elementor-type=\"wp-post\" data-elementor-id=\"311\" class=\"elementor elementor-311\">\n\t\t\t\t\t\t<section class=\"elementor-section elementor-top-section elementor-element elementor-element-ab031c2 elementor-section-stretched elementor-section-full_width elementor-section-height-default elementor-section-height-default\" data-id=\"ab031c2\" data-element_type=\"section\" data-settings=\"{&quot;stretch_section&quot;:&quot;section-stretched&quot;,&quot;background_background&quot;:&quot;classic&quot;}\">\n\t\t\t\t\t\t<div class=\"elementor-container elementor-column-gap-default\">\n\t\t\t\t\t<div class=\"elementor-column elementor-col-100 elementor-top-column elementor-element elementor-element-c47c920\" data-id=\"c47c920\" data-element_type=\"column\">\n\t\t\t<div class=\"elementor-widget-wrap elementor-element-populated\">\n\t\t\t\t\t\t<div class=\"elementor-element elementor-element-e40fb11 elementor-widget elementor-widget-vt-segovia_parallax_banner\" data-id=\"e40fb11\" data-element_type=\"widget\" data-settings=\"{&quot;bg_image&quot;:{&quot;url&quot;:&quot;&quot;,&quot;id&quot;:&quot;&quot;,&quot;size&quot;:&quot;&quot;,&quot;alt&quot;:&quot;&quot;,&quot;source&quot;:&quot;library&quot;}}\" data-widget_type=\"vt-segovia_parallax_banner.default\">\n\t\t\t\t<div class=\"elementor-widget-container\">\n\t\t\t\t\t<div class=\"segva-spacer-wrap\"><div class=\"segva-banner banner-style-two segva-parallax\" style=\"background-image: url();\">\r\n        <div class=\"banner-wrap\">\r\n          <div class=\"segva-table-wrap\">\r\n            <div class=\"segva-align-wrap\">\r\n              <div class=\"container\">\r\n                <div class=\"banner-caption  hav-icon hav-sep hav-animation\">\r\n\t                <div class=\"banner-title-wrap\">\r\n\t                  <h1 class=\"banner-title\">HEJO<\/h1>\r\n\t                <\/div>\r\n                  <p>Jestem justyna i zajmuj\u0119 si\u0119 projektowaniem graficznym.  <\/p>\r\n                <\/div>\r\n              <\/div>\r\n            <\/div>\r\n          <\/div>\r\n        <\/div>\r\n      <\/div><\/div>\t\t\t\t<\/div>\n\t\t\t\t<\/div>\n\t\t\t\t\t<\/div>\n\t\t<\/div>\n\t\t\t\t\t<\/div>\n\t\t<\/section>\n\t\t\t\t<section class=\"elementor-section elementor-top-section elementor-element elementor-element-3e4c02e2 elementor-section-stretched elementor-section-boxed elementor-section-height-default elementor-section-height-default\" data-id=\"3e4c02e2\" data-element_type=\"section\" data-settings=\"{&quot;stretch_section&quot;:&quot;section-stretched&quot;,&quot;background_background&quot;:&quot;classic&quot;}\">\n\t\t\t\t\t\t<div class=\"elementor-container elementor-column-gap-default\">\n\t\t\t\t\t<div class=\"elementor-column elementor-col-25 elementor-top-column elementor-element elementor-element-3923bc23\" data-id=\"3923bc23\" data-element_type=\"column\">\n\t\t\t<div class=\"elementor-widget-wrap elementor-element-populated\">\n\t\t\t\t\t\t<div class=\"elementor-element elementor-element-472d44a6 elementor-widget elementor-widget-vt-segovia_section_title\" data-id=\"472d44a6\" data-element_type=\"widget\" data-widget_type=\"vt-segovia_section_title.default\">\n\t\t\t\t<div class=\"elementor-widget-container\">\n\t\t\t\t\t<div class=\"section-title-wrap hav-sep hav-icon hav-animation\">\n        <div class=\"sec-title\"><h2 class=\"section-title\">o<\/h2><h2 class=\"section-title section-title-two\">mnie<\/h2><\/div>\n      <\/div>\t\t\t\t<\/div>\n\t\t\t\t<\/div>\n\t\t\t\t\t<\/div>\n\t\t<\/div>\n\t\t\t\t<div class=\"elementor-column elementor-col-50 elementor-top-column elementor-element elementor-element-7930aac4\" data-id=\"7930aac4\" data-element_type=\"column\">\n\t\t\t<div class=\"elementor-widget-wrap elementor-element-populated\">\n\t\t\t\t\t\t<div class=\"elementor-element elementor-element-5d148fd9 elementor-widget elementor-widget-vt-segovia_custom_content\" data-id=\"5d148fd9\" data-element_type=\"widget\" data-widget_type=\"vt-segovia_custom_content.default\">\n\t\t\t\t<div class=\"elementor-widget-container\">\n\t\t\t\t\t<div class=\"section-content-wrap\"><p>Od ponad 15 lat pracuj\u0119 zawodowo jako designer i motion designer. Mam szerok\u0105 wiedz\u0119 z zakresu marketingu, kt\u00f3r\u0105 zawsze stosuj\u0119 w swoich realizacjach, dzi\u0119ki czemu moje kampanie s\u0105 skrojone na wymiar i skuteczne. <\/p><\/div>\t\t\t\t<\/div>\n\t\t\t\t<\/div>\n\t\t\t\t<div class=\"elementor-element elementor-element-1c77302 elementor-widget elementor-widget-vt-segovia_custom_content\" data-id=\"1c77302\" data-element_type=\"widget\" data-widget_type=\"vt-segovia_custom_content.default\">\n\t\t\t\t<div class=\"elementor-widget-container\">\n\t\t\t\t\t<div class=\"section-content-wrap\"><p>Pracowa\u0142am jako grafik w agencjach kreatywnych, du\u017cych organizacjach, instytucjach kultury oraz jako freelancer - to bogate i tak r\u00f3\u017cnorodne do\u015bwiadczenie sk\u0142oni\u0142o mnie do rozpocz\u0119cia przygody z mentoringiem. W spotkaniach 1:1 pomagam projektantom osi\u0105ga\u0107 cele zawodowe.<\/p><\/div>\t\t\t\t<\/div>\n\t\t\t\t<\/div>\n\t\t\t\t<div class=\"elementor-element elementor-element-7913595 elementor-widget elementor-widget-vt-segovia_custom_content\" data-id=\"7913595\" data-element_type=\"widget\" data-widget_type=\"vt-segovia_custom_content.default\">\n\t\t\t\t<div class=\"elementor-widget-container\">\n\t\t\t\t\t<div class=\"section-content-wrap\"><p>Poza prac\u0105 tworz\u0119 sztuk\u0119 w technikach analogowych \u2014 r\u0119cznie, materialnie, poza cyfrowym \u015bwiatem. Inspiracji szukam w ruchu, naturze i rozmowach. Pasjonuje mnie historia sztuki, psychologia i marketing \u2014 bo dobre idee zawsze maj\u0105 swoje \u017ar\u00f3d\u0142o g\u0142\u0119biej.<\/p><\/div>\t\t\t\t<\/div>\n\t\t\t\t<\/div>\n\t\t\t\t\t<\/div>\n\t\t<\/div>\n\t\t\t\t<div class=\"elementor-column elementor-col-25 elementor-top-column elementor-element elementor-element-74abafcf\" data-id=\"74abafcf\" data-element_type=\"column\">\n\t\t\t<div class=\"elementor-widget-wrap elementor-element-populated\">\n\t\t\t\t\t\t<div class=\"elementor-element elementor-element-479248dc elementor-widget elementor-widget-vt-segovia_counter\" data-id=\"479248dc\" data-element_type=\"widget\" data-widget_type=\"vt-segovia_counter.default\">\n\t\t\t\t<div class=\"elementor-widget-container\">\n\t\t\t\t\t<div class=\"segva-item counter-item\">\n            <h2 class=\"counter\"><span class=\"counter-number\">15<\/span><span class=\"counter-type \">+<\/span><\/h2><h4 class=\"conter-title\">LAT DO\u015aWIADCZENIA<\/h4>\n          <\/div>\t\t\t\t<\/div>\n\t\t\t\t<\/div>\n\t\t\t\t<div class=\"elementor-element elementor-element-67743bc0 elementor-widget elementor-widget-vt-segovia_counter\" data-id=\"67743bc0\" data-element_type=\"widget\" data-widget_type=\"vt-segovia_counter.default\">\n\t\t\t\t<div class=\"elementor-widget-container\">\n\t\t\t\t\t<div class=\"segva-item counter-item\">\n            <h2 class=\"counter\"><span class=\"counter-number\">130<\/span><span class=\"counter-type  light\">+<\/span><\/h2><h4 class=\"conter-title\">ZREALIZOWANYCH KAMPANII<\/h4>\n          <\/div>\t\t\t\t<\/div>\n\t\t\t\t<\/div>\n\t\t\t\t\t<\/div>\n\t\t<\/div>\n\t\t\t\t\t<\/div>\n\t\t<\/section>\n\t\t\t\t<section class=\"elementor-section elementor-top-section elementor-element elementor-element-e0e9eb2 elementor-section-boxed elementor-section-height-default elementor-section-height-default\" data-id=\"e0e9eb2\" data-element_type=\"section\">\n\t\t\t\t\t\t<div class=\"elementor-container elementor-column-gap-default\">\n\t\t\t\t\t<div class=\"elementor-column elementor-col-100 elementor-top-column elementor-element elementor-element-343fafdd\" data-id=\"343fafdd\" data-element_type=\"column\">\n\t\t\t<div class=\"elementor-widget-wrap elementor-element-populated\">\n\t\t\t\t\t\t<div class=\"elementor-element elementor-element-184ed795 elementor-widget elementor-widget-vt-segovia_social_icons\" data-id=\"184ed795\" data-element_type=\"widget\" data-widget_type=\"vt-segovia_social_icons.default\">\n\t\t\t\t<div class=\"elementor-widget-container\">\n\t\t\t\t\t<div class=\"social-section\"><div class=\"segva-social \">\t\t\t\t\t<a href=\"https:\/\/www.behance.net\/justynachodkow\" target=\"_blank\" rel=\"nofollow\" class=\"icon-fa-behance\"><i class=\"fa fa-behance\"><\/i><\/a>\r\n\t\t\t\t\t\t\t\t<a href=\"https:\/\/www.linkedin.com\/in\/justyna-chodkowska-aa363520a\/?originalSubdomain=pl\" target=\"_blank\" rel=\"nofollow\" class=\"icon-fa-linkedin\"><i class=\"fa fa-linkedin\"><\/i><\/a>\r\n\t\t\t<\/div><\/div>\t\t\t\t<\/div>\n\t\t\t\t<\/div>\n\t\t\t\t\t<\/div>\n\t\t<\/div>\n\t\t\t\t\t<\/div>\n\t\t<\/section>\n\t\t\t\t<\/div>\n\t\t","protected":false},"excerpt":{"rendered":"HEJO Jestem justyna i zajmuj\u0119 si\u0119 projektowaniem graficznym. o mnie Od ponad 15 lat pracuj\u0119 zawodowo jako designer i motion designer. Mam szerok\u0105 wiedz\u0119 z zakresu marketingu, kt\u00f3r\u0105 zawsze stosuj\u0119 w swoich realizacjach, dzi\u0119ki czemu moje kampanie s\u0105 skrojone na wymiar i skuteczne. Pracowa\u0142am jako grafik w agencjach kreatywnych, du\u017cych organizacjach, instytucjach kultury oraz jako&#8230;","protected":false},"author":1,"featured_media":0,"parent":0,"menu_order":0,"comment_status":"closed","ping_status":"closed","template":"","meta":{"footnotes":""},"class_list":["post-311","page","type-page","status-publish","hentry"],"_links":{"self":[{"href":"https:\/\/justynachodkowska.pl\/index.php\/wp-json\/wp\/v2\/pages\/311","targetHints":{"allow":["GET"]}}],"collection":[{"href":"https:\/\/justynachodkowska.pl\/index.php\/wp-json\/wp\/v2\/pages"}],"about":[{"href":"https:\/\/justynachodkowska.pl\/index.php\/wp-json\/wp\/v2\/types\/page"}],"author":[{"embeddable":true,"href":"https:\/\/justynachodkowska.pl\/index.php\/wp-json\/wp\/v2\/users\/1"}],"replies":[{"embeddable":true,"href":"https:\/\/justynachodkowska.pl\/index.php\/wp-json\/wp\/v2\/comments?post=311"}],"version-history":[{"count":66,"href":"https:\/\/justynachodkowska.pl\/index.php\/wp-json\/wp\/v2\/pages\/311\/revisions"}],"predecessor-version":[{"id":4009,"href":"https:\/\/justynachodkowska.pl\/index.php\/wp-json\/wp\/v2\/pages\/311\/revisions\/4009"}],"wp:attachment":[{"href":"https:\/\/justynachodkowska.pl\/index.php\/wp-json\/wp\/v2\/media?parent=311"}],"curies":[{"name":"wp","href":"https:\/\/api.w.org\/{rel}","templated":true}]}}